 - 40. Suppose -u*y + j*y + 200 = 0. List the prime factors of y.
2, 5
List the prime factors of ((-11)/(11/2432))/(-13 - -12).
2, 19
Suppose 13*v = -0 - 0. Let h be ((-25)/2)/(9/(-36) - v). Let z = -10 + h. What are the prime factors of z?
2, 5
Let i be ((-21)/(-6))/((-1)/10). Let r = i + 346. What are the prime factors of r?
311
Suppose -4*h + 20 = x, 5*h - x + 6*x - 40 = 0. Let u be h + -6 - (4 + -11). Suppose -104 = -3*s - q + 147, -u*s = -2*q - 411. What are the prime factors of s?
83
Suppose 24*p + 637 = -179. List the prime factors of (-21866)/p + 0 + (-64)/544.
643
Let c(q) = -q**2 + 4*q + 1. Suppose 0 = -8*s + 16. Let u be c(s). Suppose 6*j - 55 = u*j. What are the prime factors of j?
5, 11
Suppose -20*b = 7*b + 17*b - 454740. List the prime factors of b.
3, 5, 13, 53
Let v be ((-15403)/(-219))/(1/(-6)). Let t = 1791 + v. What are the prime factors of t?
37
Let c = 477 + -242. Suppose 0 = -5*m + 3 + 587. Let s = c - m. List the prime factors of s.
3, 13
Let n = -51 - -1189. Let t = n - 802. What are the prime factors of t?
2, 3, 7
Suppose 49*p + 38*p - 21033 = 8547. What are the prime factors of p?
2, 5, 17
Let y = 88 + -83. Let t(r) = 18*r - 27. Let s be t(y). Let o = s + -16. What are the prime factors of o?
47
Suppose 0 = 31*f - 35*f - 392. Let s = f - -515. What are the prime factors of s?
3, 139
Let b(z) = 164*z**2 + 5*z + 12. Let p be b(-2). Suppose 10*f = 6*f - 20, u - p = -f. What are the prime factors of u?
3, 13, 17
Let g(n) = -n**3 - n**2 + n + 11. Suppose 3 = 5*r + 3*k, 9 + 7 = -4*k. Suppose r*y - 2*y = 0. What are the prime factors of g(y)?
11
Let o(l) = -l**2 - 6*l - 4. Let p be o(-2). Suppose -p*x = 2*k - 424, x = -k - 0*k + 106. Let t = x - -4. List the prime factors of t.
2, 5, 11
Let o be (-12)/((-12)/(-3))*1. Let a(b) = -b**3 + 2*b**2 + b + 2. Let v be a(4). Let c = o - v. List the prime factors of c.
23
Suppose -8*d = -7*d - 17. Suppose 0 = d*t - 13*t - 504. What are the prime factors of t?
2, 3, 7
Let k(x) = 598*x + 1570. List the prime factors of k(9).
2, 11, 79
List the prime factors of 15/(-40) + ((-13516830)/48)/(-15).
18773
Let j = -77725 - -143626. What are the prime factors of j?
3, 11, 1997
Let t(x) = 164*x**2 + 15*x + 35. What are the prime factors of t(7)?
2, 7, 73
Let c be (-4)/18*3 + (-8)/(-12). Let w(n) = -n**3 + n + 742. List the prime factors of w(c).
2, 7, 53
Let g be (-2)/16*10*-4. Suppose 1680 = -m - g*m. Let y = m - -406. What are the prime factors of y?
2, 3, 7
Let h(j) = -j + 10. Let n be h(8). Suppose z - 5 + 4 = 5*v, -2*z = n*v + 10. List the prime factors of 6/(-30)*155/v.
31
Let i = -28220 + 38605. What are the prime factors of i?
5, 31, 67
Suppose 369229 + 199013 = 13*z - 157028. What are the prime factors of z?
2, 5, 7, 797
Let u(f) = 8*f**2 + 40*f + 1030. What are the prime factors of u(-25)?
2, 5, 503
Suppose 0 = -65*j + 60*j + 2*u + 91627, -2*j + 36703 = 5*u. What are the prime factors of j?
18329
Let g be 7*1 - (-1443 + -18). Let l = g + -930. What are the prime factors of l?
2, 269
Let p be (-24)/10 + 3 - (-51)/15. List the prime factors of 141/94 + (-449)/p*-6.
3, 5
List the prime factors of (7722/(-15))/((-12)/90) - -6.
3, 1289
Let p be 2/(-4)*2*35/(-7). Suppose -4*u = -u + 5*i + 46, i - 58 = p*u. Let s(l) = -l**3 - 10*l**2 + 19*l + 17. What are the prime factors of s(u)?
7, 11
Suppose -3*s + 19 - 37 = 0. Let n be s/1*(-9)/27. Suppose p - 72 = 5*a, -a = 2*p - n*a - 99. List the prime factors of p.
47
Suppose 0 = -2*q + 4*d - d + 193, 0 = 3*q - 4*d - 290. List the prime factors of 2504/14 + 14/q.
179
Suppose 3*q + t - 3 = 0, -q - 3*t - 3 = 2*q. Let p(b) be the third derivative of b**5/15 + b**4/4 + b**2. List the prime factors of p(q).
2, 7
Let i(w) = -w - 4. Let d(s) = -38*s - 13. Let f(y) = -d(y) + 9*i(y). Suppose q + 3*q = 32. What are the prime factors of f(q)?
11, 19
Suppose -25 = -7*l + 3. Suppose -3*f - b = f + 611, l*b + 12 = 0. What are the prime factors of 2*(-2)/4 - f?
151
Suppose -v + 3*b = 7*b - 35, 0 = -2*v + b + 34. Suppose 5*d + 3*a - 5393 = 0, -22*a = 3*d - v*a - 3237. What are the prime factors of d?
2, 7, 11
Suppose 21*z + 12*z - 103224 = 0. Let d = z + -1593. List the prime factors of d.
5, 307
List the prime factors of ((-3448340)/(-14))/10 - 9.
2, 13, 947
Let k(w) = -362*w - 3659. List the prime factors of k(-18).
2857
Let i = -190 + 2182. Suppose -3*g + 2*o = -i + 112, 3145 = 5*g - o. List the prime factors of g.
2, 3, 5, 7
Suppose -42*o + 370918 + 401294 = 0. List the prime factors of o.
2, 29, 317
Let x(p) be the third derivative of -71*p**4/12 + 13*p**2. Let f be x(1). Let c = 296 + f. List the prime factors of c.
2, 7, 11
Suppose -132 = -2*f + 8*f. Let h = -16 - f. Suppose -8*c = -h*c - 272. What are the prime factors of c?
2, 17
Let l(i) = -596*i - 412. List the prime factors of l(-11).
2, 3
Let v(i) be the first derivative of -349*i**2 + 4*i + 110. What are the prime factors of v(-2)?
2, 5, 7
Suppose 19*n = 21*n - 3*l - 14642, 19*n - 139282 = -2*l. List the prime factors of n.
2, 5, 733
Let o be (-440)/15*(-4 - (-30)/12). Let b = o + 185. List the prime factors of b.
229
Suppose 130*k - 2614125 = -1061275. What are the prime factors of k?
5, 2389
Let l(u) = u**2 - 6*u + 8. Let g = -65 + 61. Let i be 1/((-6 - g)/(-14)). List the prime factors of l(i).
3, 5
Suppose -4840 = -3*u + 5*y + 6738, 15442 = 4*u - 2*y. What are the prime factors of u?
3, 11, 13
Let y(s) = -392*s - 589. List the prime factors of y(-12).
5, 823
Let x be (-4 - -3 - 1)/((-4)/16). Suppose -265 = x*h - 13*h. List the prime factors of h.
53
List the prime factors of -2*2854/(-1) + 1 + 5/(-1).
2, 23, 31
Let i = -248 + -192. Let j = -311 - i. Let b = j - 63. What are the prime factors of b?
2, 3, 11
Let v(w) = 141*w**2 - 33*w + 9. List the prime factors of v(8).
3, 37, 79
What are the prime factors of (-79620)/(-9) + ((-2)/4)/((-57)/38)?
3, 983
Suppose -21 = 3*v, 1714 + 3103 = 3*c + 4*v. What are the prime factors of c?
5, 17, 19
Let i(b) = 8*b**3 + b - 1. Let h be i(1). Suppose -3*s = -3*f - s + 4, h = -4*s. Suppose -7*a = -f*a - 777. What are the prime factors of a?
3, 37
Suppose -5*o + 11*r = 9*r - 67923, 0 = -4*o - 9*r + 54349. List the prime factors of o.
5, 11, 13, 19
Let q(o) = -23*o - 1095. Let w be q(-67). Suppose 4*p = 4*s - 13 + 1, 3*p = -3*s + 21. What are the prime factors of (w/p)/(5/(-30)*-6)?
223
Let c(f) = -115*f - 2. Let p = 271 - 277. List the prime factors of c(p).
2, 43
Suppose -16*r = -19*r + 12. Suppose 0 = r*h + h - 2440. What are the prime factors of h?
2, 61
Let w = 179 - 193. List the prime factors of 4/w - (-6 + (-14968)/56).
3, 7, 13
Let q = 54 + -50. Let o = -64 + 66. Suppose -o*i + 26 = q*j, 2*i - 3*i + 2*j = -1. What are the prime factors of i?
7
Suppose -3*k - y - 39 = 0, k + 3*y + 6 - 1 = 0. What are the prime factors of (8 - (-106)/k) + 6543/21?
2, 3, 13
Suppose 0 = -8*p + 23 + 17. Suppose 3*v + 6 = -3*b + 63, 0 = -2*b - p*v + 41. List the prime factors of b.
2, 3
Suppose -9*c = -2*c - 35. Suppose -h + 84 + 123 = -c*p, 0 = -4*h - p + 765. List the prime factors of h.
2, 3
Let h(j) be the first derivative of -j**3/3 - 17*j**2/2 - 5*j + 426. Suppose 0 = -3*k + 5*i - 5, 0 = 3*k - i + 9 + 4. What are the prime factors of h(k)?
5, 11
Suppose -377277 = -6*h - 7*h + 785495. What are the prime factors of h?
2, 59, 379
Suppose -2*w - 3 = -w. Let v be ((-2)/w)/((-2)/(-9)). List the prime factors of (-2)/v + 71/3.
23
Let o be 1/((-1)/(-3)*(-6)/(-2)). Let v be (4 - (9 - 4))/(o/(-5)). Let q(l) = 12*l**2 - 6*l - 3. List the prime factors of q(v).
3, 89
Let u(m) = -m**2 + 15*m + 21. Let z be u(16). Suppose 0*o + 2954 = 4*k + 2*o, o = -3. Suppose z*y = 3*h - 444, h - 6*h + k = -2*y. List the prime factors of h.
2, 37
Let b(r) = -r**3 + 31*r**2 + 42*r + 75. Let y(a) = a**2 + 22*a - 43. Let w be y(-25). What are the prime factors of b(w)?
5, 79
Suppose j = 5*a - 2*a - 4, 27 = 3*j + 4*a. Suppose 5*u = g + g + j, -g = -3*u + 5. List the prime factors of ((-32)/g)/((-10)/250).
2, 5
Suppose -47000 = -165*r + 239872 + 2350488. List the prime factors of r.
2, 3, 37
Suppose -5*m - 179276 = -6*m - 3*m. What are the prime factors of m?
44819
Suppose 356*b - 36010 + 441590 = 376*b. List the prime factors of b.
7, 2897
Let h(k) be the first derivative of -9*k - 16 - 9/2*k**2. Li